.
538
What is the remainder when 7652730 is divided by 1022?
1016
What is the remainder when 1558119 is divided by 3040?
1639
Calculate the remainder when 298955 is divided by 1365.
20
What is the remainder when 336001770 is divided by 912?
906
Calculate the remainder when 1310766 is divided by 43.
40
What is the remainder when 4417422 is divided by 21?
9
What is the remainder when 34366 is divided by 341?
266
Calculate the remainder when 231844 is divided by 571.
18
What is the remainder when 21817511 is divided by 21817432?
79
What is the remainder when 47331218 is divided by 820?
818
Calculate the remainder when 218024 is divided by 7033.
1
Calculate the remainder when 5799437 is divided by 16617.
104
Calculate the remainder when 125885 is divided by 1828.
1581
What is the remainder when 36252154 is divided by 4414?
4386
Calculate the remainder when 57447 is divided by 28699.
49
What is the remainder when 19875437 is divided by 1528874?
75
Calculate the remainder when 8228189 is divided by 200.
189
Calculate the remainder when 97746 is divided by 24418.
74
Calculate the remainder when 1145150 is divided by 10809.
10205
What is the remainder when 1893058 is divided by 20?
18
What is the remainder when 108012955 is divided by 108?
103
Calculate the remainder when 1820231 is divided by 21.
14
What is the remainder when 340483 is divided by 2218?
1129
Calculate the remainder when 7164973 is divided by 83.
81
Calculate the remainder when 33655 is divided by 1097.
745
Calculate the remainder when 36253844 is divided by 97.
94
What is the remainder when 349619 is divided by 348653?
966
Calculate the remainder when 581970 is divided by 1257.
1236
What is the remainder when 1758791 is divided by 228?
227
Calculate the remainder when 4090587 is divided by 95129.
40
Calculate the remainder when 26840 is divided by 1634.
696
Calculate the remainder when 709868 is divided by 709853.
15
What is the remainder when 367317 is divided by 91425?
1617
What is the remainder when 8086327 is divided by 165?
7
Calculate the remainder when 7346524 is divided by 498.
28
Calculate the remainder when 267792831 is divided by 980.
971
What is the remainder when 88530 is divided by 7173?
2454
What is the remainder when 10000 is divided by 266?
158
What is the remainder when 2026225 is divided by 863?
764
What is the remainder when 5645827 is divided by 93?
76
Calculate the remainder when 2209886 is divided by 8185.
8121
What is the remainder when 7017 is divided by 3403?
211
What is the remainder when 29909127 is divided by 118687?
3
Calculate the remainder when 155542 is divided by 93.
46
Calculate the remainder when 5393385 is divided by 1394.
1393
Calculate the remainder when 70622 is divided by 88.
46
Calculate the remainder when 7020664 is divided by 83.
26
What is the remainder when 173109 is divided by 39?
27
Calculate the remainder when 2104534 is divided by 75161.
26
What is the remainder when 253401 is divided by 11191?
7199
Calculate the remainder when 6893521 is divided by 40550.
21
Calculate the remainder when 281214 is divided by 35.
24
What is the remainder when 4441244 is divided by 168?
164
Calculate the remainder when 566537 is divided by 425.
12
Calculate the remainder when 6534763 is divided by 17661.
193
What is the remainder when 1837632 is divided by 2164?
396
Calculate the remainder when 164519 is divided by 32.
7
Calculate the remainder when 5697594 is divided by 7314.
7302
Calculate the remainder when 41232586 is divided by 5154072.
10
Calculate the remainder when 273395 is divided by 11621.
6112
Calculate the remainder when 165915 is divided by 32738.
2225
Calculate the remainder when 1084708 is divided by 4078.
4038
What is the remainder when 54489 is divided by 684?
453
What is the remainder when 152729 is divided by 25445?
59
Calculate the remainder when 1286936 is divided by 3057.
2996
What is the remainder when 14465345 is divided by 4821644?
413
What is the remainder when 119949976 is divided by 103?
90
What is the remainder when 218555 is divided by 8739?
80
Calculate the remainder when 1871341 is divided by 690.
61
What is the remainder when 273997432 is divided by 766?
764
What is the remainder when 104939 is divided by 2526?
1373
Calculate the remainder when 224921 is divided by 55940.
1161
Calculate the remainder when 84912478 is divided by 24.
22
Calculate the remainder when 404002 is divided by 486.
136
What is the remainder when 9768682 is divided by 187858?
66
Calculate the remainder when 178599 is divided by 8117.
25
What is the remainder when 35062665 is divided by 2286?
2283
Calculate the remainder when 15952 is divided by 5227.
271
What is the remainder when 188665 is divided by 156?
61
Calculate the remainder when 41312 is divided by 6877.
50
Calculate the remainder when 522074 is divided by 4746.
14
Calculate the remainder when 56409025 is divided by 18803008.
1
What is the remainder when 3049355 is divided by 82409?
222
What is the remainder when 3647342 is divided by 47991?
26
Calculate the remainder when 15370392 is divided by 4741.
70
What is the remainder when 310629 is divided by 2724?
93
Calculate the remainder when 750626 is divided by 124842.
1574
What is the remainder when 648140 is divided by 1008?
1004
What is the remainder when 1158578 is divided by 388?
10
Calculate the remainder when 37474 is divided by 390.
34
Calculate the remainder when 165595 is divided by 676.
651
What is the remainder when 56405640 is divided by 7050705?
0
What is the remainder when 1117137 is divided by 267?
9
Calculate the remainder when 275405 is divided by 233.
232
Calculate the remainder when 549674 is divided by 1093.
988
Calculate the remainder when 381918 is divided by 190945.
28
What is the remainder when 7571 is divided by 1473?
206
What is the remainder when 168081 is divided by 41920?
401
Calculate the remainder when 13213256 is divided by 538.
514
What is the remainder when 524548 is divided by 2405?
258
What is the remainder when 42759780 is divided by 2568?
12
Calculate the remainder when 9277066 is divided by 148.
130
What is the remainder when 164541 is divided by 835?
46
What is the remainder when 627126 is divided by 66?
60
Calculate the remainder when 22069849 is divided by 11034902.
45
Calculate the remainder when 2356139 is divided by 20.
19
Calculate the remainder when 478485 is divided by 29.
14
Calculate the remainder when 125114 is divided by 5144.
1658
Calculate the remainder when 18569954 is divided by 888.
98
What is the remainder when 1943919 is divided by 5?
4
What is the remainder when 1354805 is divided by 248?
229
What is the remainder when 1309701 is divided by 817?
50
Calculate the remainder when 2611102 is divided by 1030.
52
Calculate the remainder when 781986 is divided by 6154.
428
What is the remainder when 29993171 is divided by 24?
11
Calculate the remainder when 3758429 is divided by 341675.
4
What is the remainder when 407527 is divided by 200657?
6213
Calculate the remainder when 292162 is divided by 8111.
166
What is the remainder when 13357656 is divided by 121?
103
Calculate the remainder when 644115 is divided by 12418.
10797
What is the remainder when 43522751 is divided by 17?
14
Calculate the remainder when 3553907 is divided by 1597.
582
What is the remainder when 10484688 is divided by 953153?
5
What is the remainder when 4433988 is divided by 26082?
48
Calculate the remainder when 83940113 is divided by 132.
125
Calculate the remainder when 133195053 is divided by 8.
5
What is the remainder when 1458627 is divided by 729313?
1
What is the remainder when 22098932 is divided by 13?
11
What is the remainder when 65626 is divided by 65610?
16
What is the remainder when 167212 is divided by 41745?
232
What is the remainder when 716002 is divided by 4904?
18
Calculate the remainder when 8782 is divided by 6507.
2275
Calculate the remainder when 5592636 is divided by 475.
461
Calculate the remainder when 66674 is divided by 8314.
162
What is the remainder when 2865874 is divided by 238821?
22
Calculate the remainder when 130874 is divided by 232.
26
What is the remainder when 1380532 is divided by 172565?
12
Calculate the remainder when 247084 is divided by 222.
220
Calculate the rem